*v - 10. Let x be c(5). Suppose -18*h + 20*h - 82 = x. What are the prime factors of h?
41
Let d be (1*-4)/2 + 5. Suppose d = 3*c - 6. Suppose 5*b = -3*r + 39, -b - 5*r = -c + 4. List the prime factors of b.
3
What are the prime factors of (4 + (-20)/8)*-2 - -10?
7
Suppose 30 = -2*a + 7*a. Suppose 2*w - 4*w = -a. List the prime factors of w.
3
Let b = -2 + -2. Let j(n) = 2*n + 4*n**2 - 9*n - 3 - 5*n**2 - 1. List the prime factors of j(b).
2
Let q(j) be the second derivative of j**5/20 - 5*j**4/6 - 5*j**3/3 + 3*j. What are the prime factors of q(11)?
11
Let n(l) = -l**2 - 9*l. Suppose 3 = -5*p + 33. Let k be 8/(2/(p/(-3))). What are the prime factors of n(k)?
2
Let h = 461 - 291. Suppose -u + 6*u - h = 0. What are the prime factors of u?
2, 17
Let z be 1/(-4) + (-125)/(-20). Suppose -z*w = -21 - 111. List the prime factors of w.
2, 11
Let y = 134 + -95. What are the prime factors of y?
3, 13
Let f be 3 - (0 + -116 + -1). Suppose 0 = 8*r - 11*r + f. List the prime factors of r.
2, 5
Let q(a) = 2*a + 2. Let r be q(10). Suppose 5*b = 72 - r. List the prime factors of b.
2, 5
Let m = -1 + 4. Suppose m*v + v - 40 = 0. What are the prime factors of v?
2, 5
Suppose -30 + 6 = -4*k. Let a(w) = w**2 - 8*w - 3. Let r be a(k). Let s = 27 + r. List the prime factors of s.
2, 3
Suppose 0 = m - 5*z + 15, -m = 3*z - 6*z + 9. Let v be (-1)/3*(-51 - m). Let c = v + -10. What are the prime factors of c?
7
Let j(i) = i**3 + 2*i**2 - 2*i + 1. Let x be j(-3). Let u be 3 + x - (3 + -9). Suppose 27 = 5*o + u, 41 = 5*f + 4*o. What are the prime factors of f?
5
Suppose 0 = k + 3*k - 4*m - 696, -k + 162 = 2*m. What are the prime factors of k?
2, 5, 17
Let x(u) = -u**3 - 17*u**2 + 5*u - 16. List the prime factors of x(-18).
2, 109
Let u(i) = -3*i - 2. Let k be u(-4). Let j = k + -18. Let x = j - -19. List the prime factors of x.
11
Let j(r) = -r**3 + 4*r - 3. Let v be (-3)/(-9)*3 - -1. Let x be j(v). Let c(l) = -l + 1. What are the prime factors of c(x)?
2
List the prime factors of 12*1/6*(-502)/(-4).
251
Suppose 219 = m - 2*u + 3*u, u = 5*m - 1095. What are the prime factors of m?
3, 73
Suppose 4*x - 42 = -5*m + 43, 2*x + 4*m = 38. List the prime factors of x.
5
Suppose 2 = 2*s + x, -x = 5*s + x - 6. Let b be (7 + -1)/((-6)/(-8)). Let w = b - s. What are the prime factors of w?
2, 3
Let n = -1 - -4. Let z = n - 2. What are the prime factors of (-3 - z)*18/(-8)?
3
Let r(q) = -q**2 - 6*q + 1. Let j be r(-8). Let l = -6 - j. List the prime factors of l.
3
Let v(y) = -2*y - 16. Let m be v(-11). What are the prime factors of m*((-10)/(-3))/5?
2
Suppose 5*r - z - 2*z - 38 = 0, -5*r + 66 = 4*z. List the prime factors of r.
2, 5
Suppose -7*x + 526 = -419. What are the prime factors of x?
3, 5
List the prime factors of (-6 - -7)/(3/549).
3, 61
Let f = 8 - 4. Let q(k) = k**2 + 1 + 0*k**2 + f*k + 0. What are the prime factors of q(-5)?
2, 3
Let v be 8/(-16) + (-22)/(-4). Let z(n) = n**3 - 6*n**2 + 7*n - 1. What are the prime factors of z(v)?
3
Suppose 5*n - 3*z = -7*z + 70, -3*z = 0. Suppose 5*t = -n + 4. List the prime factors of t/(-5) - 46/(-10).
5
Let s(g) = -3*g**3 + 4*g**2 - 2*g + 2. Let z be s(3). Let x = -22 - z. What are the prime factors of x?
3
List the prime factors of ((-1104)/18)/(2/(-3)).
2, 23
Suppose 0 = t + 9 - 4. What are the prime factors of (t/(-10))/((-1)/(-36))?
2, 3
Let p be 27/((-6)/9 + 1). Suppose 0 = -4*r - 9 + p. What are the prime factors of r?
2, 3
Suppose -28 - 7 = t. Let x = -14 - t. What are the prime factors of x?
3, 7
Suppose -2*v + 24 = 4*r - 0*v, -8 = r + 4*v. What are the prime factors of r?
2
Let r(i) = i**3 + i**2 + 136. Let f be r(0). Suppose 5*n = -2*t + 157, 4*n - t + 0*t - f = 0. What are the prime factors of n?
3, 11
Suppose -5*m = 3*d - 49, 4*d - 5*m - 69 = 43. Let q = 35 - d. What are the prime factors of q?
2, 3
Suppose t + 3*t = 4*k - 84, k - 24 = 4*t. What are the prime factors of k?
2, 5
Let n = -25 - -58. What are the prime factors of n?
3, 11
Let m(z) be the second derivative of z**4/12 + z**3/2 - 3*z. What are the prime factors of m(-5)?
2, 5
Let k be (2*-2)/((-3)/3). Suppose 0 = -3*t + 4*s + 67 + 100, -k*t + 171 = 5*s. What are the prime factors of t?
7
Let f(u) = u + 6. Let l be f(-6). Let r = l - -40. What are the prime factors of r?
2, 5
Let s(v) = -v**3 + 5*v**2 + v - 2. Let o be s(5). Suppose l - o = 59. Suppose -18 - l = -5*a. List the prime factors of a.
2
Let x = -4 + 7. Suppose 83 = 3*y - 16. Suppose 0*l - x*l = -y. What are the prime factors of l?
11
Let l(b) = b**3 + 3*b**2 - 4*b - 6. Let i be l(-4). What are the prime factors of (-46)/(-3) - 4/i?
2
Let t(k) = 8*k**2 + k - 1. List the prime factors of t(-2).
29
Let z(g) be the first derivative of g**2/2 - 2*g + 2. List the prime factors of z(7).
5
Let q(v) = -v**3 - 4*v**2 - 4*v + 5. Let n be q(-4). Suppose 0 = -4*k + k + n. What are the prime factors of k?
7
Let j be 10/(-3)*18/4. Let t be -5*(-6)/j*-1. Suppose f - 24 = -t*f. What are the prime factors of f?
2
Let b(f) = f**2 + 8*f - 12. Let r be 2/7 + (-144)/14. What are the prime factors of b(r)?
2
Let j(p) = 2*p**2 - 7*p + 1. List the prime factors of j(-5).
2, 43
Let g(x) = 2*x + x - 3*x + x + 11. Let q be g(-11). Suppose -3*a - 7 + 43 = q. List the prime factors of a.
2, 3
Suppose -5*k = -5 - 10. Suppose -5*y + k - 4 = 2*j, 2*y = -j. List the prime factors of j.
2
Let u(h) = h**3 - h**2 - 3*h - 5. What are the prime factors of u(4)?
31
Let t(p) = -p**3 + 9*p**2 + 2*p - 4. Let n(j) be the first derivative of j**2/2 + 2*j - 1. Let z be n(7). What are the prime factors of t(z)?
2, 7
Let y be (-3)/(2/(-4) - 1). Let t(q) = q**2 - 2*q - 2. Let a be t(y). What are the prime factors of 5 + -3 - (-7 + a)?
11
Let v = -126 - -321. List the prime factors of v.
3, 5, 13
Suppose -2*d = 5*a - d - 218, -2*a = -d - 83. Let o = 5 + a. Suppose -6*i = -2*i - o. What are the prime factors of i?
2, 3
What are the prime factors of (-432)/(-56) + -8 + 471/7?
67
Suppose 2*d - 4 = -0*p + p, 0 = -2*p - 5*d - 53. List the prime factors of (12/7)/((-2)/p).
2, 3
Let y(l) = -6*l + 16*l + l**3 + 5*l**2 + 6 + 3*l**2. What are the prime factors of y(-6)?
2, 3
Suppose -3*x = -2*s - 66, -31 = -x - x - 3*s. List the prime factors of x.
2, 5
Let s(x) = -2*x**2 - x - 6. Let f be s(3). List the prime factors of -3 + 0 - 0 - f.
2, 3
Suppose 0 = 4*j - 83 - 37. List the prime factors of j.
2, 3, 5
List the prime factors of 5/((-25)/(-445)) + -4.
5, 17
Let y(v) = -v**3 - 4*v**2 + 5*v. Let p be y(-5). Suppose p = 3*c - 4*c. What are the prime factors of (-1 - c)/(3/(-42))?
2, 7
Let q(c) = -c**3 - 21. Let x be q(0). Let m = 0 + -37. Let k = x - m. List the prime factors of k.
2
Suppose 4*p = 3*m + 173, 5*p - 139 - 81 = 3*m. List the prime factors of p.
47
Let m = -13 + 18. Suppose 0 = 2*w - 5*s + 2 - 5, 0 = m*w + 3*s - 85. What are the prime factors of w?
2, 7
Suppose -x = -5*w + 22 + 2, -2*w + 42 = -4*x. Let l(k) be the third derivative of -k**6/120 - 3*k**5/20 + 4*k**3/3 + 2*k**2. What are the prime factors of l(x)?
2
Suppose -3*c + 116 = h - 0*h, 0 = -4*h - 16. List the prime factors of c.
2, 5
Let n be ((-140)/6)/((-2)/12). Suppose 0 = 2*a + 2*a - n. Suppose 0 = 5*t - 0*t - a. List the prime factors of t.
7
Let g(w) be the third derivative of w**5/60 + w**4/3 + 11*w**3/6 - 4*w**2. What are the prime factors of g(-8)?
11
Suppose t + 0 - 5 = 0. Let z = 5 - t. Suppose -3*y - y + 20 = z. List the prime factors of y.
5
Suppose -2*g = v + v - 86, 5*g + 25 = v. List the prime factors of v.
2, 5
Let x(a) = -2*a**3 - 3*a**2 - 2*a + 1. Let p be x(-3). Let n = p + -8. List the prime factors of n.
2, 13
Let j be (-2)/(-9) + (-10)/45. Suppose f - 5 - 2 = j. What are the prime factors of f?
7
What are the prime factors of 2/(-5) + 3808/70?
2, 3
Let x(a) = 2*a - 1. Let z be x(1). Let k be 5 + (z - -1) + 1. Suppose -t = -0*t - k. What are the prime factors of t?
2
Suppose 2*d - 23 = -3. Let y = d + 17. List the prime factors of y.
3
Suppose 4*m - 36 - 196 = 0. List the prime factors of m.
2, 29
Let u(a) = -a**2 + 3*a + 3. Let i be u(3). Let c = 10 + i. What are the prime factors of c?
13
Let k = 24 + -32. Let t(r) = -4*r**2 + 28*r - 11. Let m(b) = -b**2 + 9*b - 4. Let i(x) = 7*m(x) - 2*t(x). List the prime factors of i(k).
2
Let c = -9 + 39. Suppose 3*w + 3*w + 5